i**2 + 1 - 5 + 1 - 19*i**2. Suppose 5*z + 11 = m, 3*z - 5*m = 8*z + 35. What is k(z)?
-12
Let y(m) = -8*m - m**2 + 0*m + 5 + 2*m**2 + 3*m. Give y(4).
1
Let o(y) be the first derivative of y**3/3 + 3*y**2 + 2*y - 1. Let g = -59 + 55. Calculate o(g).
-6
Let j = -32 + 40. Let h(w) = 0*w - j*w + 4 + 4*w + 0. Let i(g) = 2*g**2 + 2*g. Let t be i(-2). What is h(t)?
-12
Let n(s) = s**3 - s**2 - 4*s + 1. Let c = -34 + 37. Calculate n(c).
7
Let r(n) = n - 2. Let l be ((-14)/(-70))/(2/(-30)*-1). Calculate r(l).
1
Let p(j) = -j**3. Let h(s) = -6*s + 3*s + 4 + 2*s. Let v be h(3). Calculate p(v).
-1
Let g(t) be the second derivative of t**3/6 - t**2/2 + 2*t. Let j = 8 - 3. Suppose 5*n = j*b - 5, n = 6*b - b - 9. What is g(n)?
0
Let o(a) = 2*a**3 + a**2 + 6*a + 7. Let c(l) = l**3 + l**2 + 3*l + 3. Let m(t) = -5*c(t) + 2*o(t). Suppose -3*b = 5*y + 29, y + y - 4 = 4*b. Give m(b).
8
Suppose 9*c = 4*c. Let j(z) = 2 + 5*z + c*z - 4*z. Give j(4).
6
Suppose 3*h - 15 - 3 = -3*q, 20 = 3*h + 4*q. Let c(x) = x**3 + x + x**2 - 1 - 2*x**3 + h + 0. Calculate c(0).
3
Let t(x) = x**3 + 2*x**2 - x - 2. Let c be (-12)/(-18) - (-50)/6. Suppose -5*u + 3 = -v, 3*v - u = -4*u - c. Determine t(v).
-8
Suppose 9 = 3*p - 4*v, 5*p - 10 - 5 = 3*v. Let y(r) = 3*r**2. Let i be y(1). Let g(w) = 2*w - 4*w**2 - p - w**3 - 6*w + 0*w**i. Give g(-3).
0
Let u(j) = -j - 4. Let r(s) = -s**2 + 10*s - 6. Let o be r(8). Suppose -3*i = 5 + o. Calculate u(i).
1
Let p = 19 + -3. Suppose -3*y = 2*c - 20, 2*c + p = 6*c. Let k(b) = -b - 1. Calculate k(y).
-5
Let a(d) = -3*d + 7. Let v(i) = -8*i + 20. Let z(t) = -11*a(t) + 4*v(t). What is z(-5)?
-2
Suppose g - 5*g = -16. Let q be 27/(-6) - 2/g. Let s(j) = j**2 + 5*j + 6. Determine s(q).
6
Let u(k) = -2 - 7 + 2 - k**3. Suppose -3*w - a + 4 = 2, 5*w - 6 = -3*a. What is u(w)?
-7
Let d(l) = 7 - 2 - 7*l + 5*l. Calculate d(4).
-3
Let g be (-1 - 0) + -1 + 4. Let y be -1 + (g - (0 + -1)). Let w(i) = 11*i**3 - 1 + 0*i**y - 2*i**2 + i + 3*i**2 - 2*i. Give w(-1).
-10
Let g(r) = -4 - 1 - 3*r + 1 + 2*r. Give g(6).
-10
Let y(d) be the first derivative of -3*d**2/2 - 7*d + 1. Suppose -4*c = -c + 342. Let l be 2/(-8) + c/24. Determine y(l).
8
Let x(p) = p**2 + p - 1. Let t(u) = -u**3 + 2*u**2 + 4*u - 9. Let r(n) = t(n) - 3*x(n). Calculate r(0).
-6
Let u(n) be the third derivative of n**5/30 + n**4/8 - n**3/2 - n**2. Let c = 24 - 27. What is u(c)?
6
Let c(m) = -4*m**2 + 2*m**2 + m**2 - 3*m. Let t(s) = 3*s - 5*s + 3 + 4*s. Let l be t(-3). Give c(l).
0
Let g(l) = -l + 9. Suppose -16 - 20 = -4*q. Suppose q*n - 3*n = 0. Calculate g(n).
9
Suppose 16 = -0*g - 8*g. Let b(l) = 2*l**2 + 2*l. Determine b(g).
4
Suppose -10 = -z - 4*z. Let s(y) = -6*y**z - 7*y + y**3 + 1 + 2 + 11*y**2. What is s(-6)?
9
Let l(q) = q**2 + 4*q - 3. Suppose -2*c = 3*x - 171, 0 = 3*x - 4*c + 115 - 304. Let p = 83 - x. Suppose -p = 2*n + 4*y, -n - 3*y = 8 + 8. Calculate l(n).
-3
Let t(r) be the second derivative of 1/60*r**5 + r**2 + r + 0 - 1/8*r**4 + 1/2*r**3. Let u(a) be the first derivative of t(a). Determine u(2).
1
Let l(c) = 5*c**2 - c + 13. Let w(b) = -11*b**2 + 2*b - 27. Let a(z) = 13*l(z) + 6*w(z). Let p(s) = s**2 - 2*s - 3. Let f be p(3). Calculate a(f).
7
Let o(i) = i**2 - 4*i - 3. Suppose -v + 1 = 3*g, -3*v - 3 = 5*g + v. Let y = 5 - g. What is o(y)?
-3
Let a(k) = -16*k + 13. Let m(t) = -4*t + 3. Let g(b) = 2*a(b) - 9*m(b). Suppose -5 = -8*y + 3*y. Let z be 1 - (2 + (-2)/y). What is g(z)?
3
Let x(m) = m + 22. Let w(h) = -h**2 + 3*h + 2. Let g be w(-3). Let v be x(g). Let o(l) = -l**2 + 8*l - 9. Calculate o(v).
3
Suppose 7*p - 8*p = -4. Let w(i) = i**3 - 3*i**2 - 5*i - 3. Determine w(p).
-7
Let q(t) = -7*t + 8*t + 29 - 27. Calculate q(-3).
-1
Let y(i) = i**2 + 4*i - 3. Let w(c) = -4*c + 3. Let t(p) = -3*w(p) - 2*y(p). Suppose 3*s + 23 = 6*s - h, -5*s + 43 = -4*h. Let v = -5 + s. What is t(v)?
-3
Let d be (-1)/(-2 - 18/(-8)). Let c be 3 + 2/(2/(-3)). Let h(v) = -v**3 + v**2 + 5 - 5*v**2 + c - 2. Determine h(d).
3
Let h be ((-1)/2)/((-2)/(-12)). Let d(o) be the first derivative of 2*o - 2*o**2 + 2 - 1/3*o**3. Calculate d(h).
5
Let m(j) = j - 12. Let l be (84/18)/(6/9). Calculate m(l).
-5
Let j = -18 + 31. Let k be (1 - 2) + j - 0. Suppose -4*f + f = k. Let v(t) = t**3 + 3*t**2 - 5*t + 2. Determine v(f).
6
Let w = -209 + 141. Let k be 2/(-9) + w/18. Let x(a) be the first derivative of a**4/4 + 5*a**3/3 + 2*a**2 + 6*a + 1. Determine x(k).
6
Suppose 10*p = 4*m + 5*p - 22, 3*m = 5*p + 19. Suppose 8 = -4*t - m*j, 5*t - 3*j + 13 = -6*j. Let b(k) = k**2 + 3*k - 7. Determine b(t).
3
Suppose q + 0*q - 5 = 0. Suppose -2*o - o = z - 14, -q*o + 4*z = -29. Let y(n) = -n**2 + 6*n + 3. Give y(o).
8
Let a = 14 + -10. Let v = 5 - a. Let w(s) = -5*s. What is w(v)?
-5
Suppose 2*v = -4, -u - 9 = -5*v - 5. Let k(p) = -p - 11. What is k(u)?
3
Suppose 5 - 8 = -z. Suppose -5*u = z + 2. Let h(n) = 4*n - 1. What is h(u)?
-5
Let a(h) = -5 + 8 - 4*h - 1. Determine a(2).
-6
Let c(h) = h**2 + 6*h + 7. Let o be 3/(27/(-15))*-3. Suppose 5*p = 10, o*q + 2*p + 28 = p. Calculate c(q).
7
Let w = -8 - -8. Let k(m) = 5*m**2 + 5*m + 15. Let c(f) = 3*f**2 + 3*f + 10. Suppose -24 = -3*p - 0*p. Let s(i) = p*c(i) - 5*k(i). Give s(w).
5
Suppose 3*z + 2*z + 30 = y, -z = -3*y + 20. Suppose -21 = y*p + 39. Let v be p/9*3/(-2). Let c(s) = 2*s**2 - 2*s + 2. Give c(v).
6
Let s(r) = 4*r**2. Suppose 2 = -2*m + 3*p, p = -p. Let f be s(m). Suppose 8 = f*o - 6*o. Let y(a) = -3*a - 6. Give y(o).
6
Let z(h) = h - 2. Let r be z(13). Let y(g) = -2*g**2 - 5*g - r + 9 + 3 + 3*g**2. What is y(5)?
1
Suppose -5*h = -0*h - 15. Suppose h*m + m + 12 = 2*b, -8 = -3*b + m. Let a(l) = 0*l**2 + 0*l - 7*l - l**b. Calculate a(-5).
10
Let p(d) = -d - 9. Let f be p(-3). Let r(w) = w + 3. Calculate r(f).
-3
Let h(w) be the first derivative of -w**4/4 + 5*w**3/3 + w**2/2 - 3*w + 7. Let j(q) = -q**2 - q + 2. Let i be j(2). Let k be i/14 - (-37)/7. Calculate h(k).
2
Let m(r) = -r**3 - r**2 + 3*r - 4. Suppose 0*h + h = -3*s + 24, 4*h = 2*s + 82. Suppose 0*u = 3*u + 3*j + h, -20 = 5*j. Give m(u).
5
Let g(h) = 7*h - 6*h + 0*h. Give g(2).
2
Let g be (9/3 + 0)*8/6. Let i(l) = l**2 + l - 3. What is i(g)?
17
Let h(d) = -d + 1. Suppose 3 + 25 = 4*g. What is h(g)?
-6
Suppose 0*s - 10 = -2*s. Let b(g) = -g**3 + 6*g**2 - 5*g + 4. Let w be b(s). Let z(v) = -2*v**2 + 2*v + w*v**3 - 4*v + 3*v. What is z(1)?
3
Let o(n) = -n**3 - 4*n**2 + n + 4. Let p be o(-4). Suppose p = 5*r - 19 + 4. Let q(c) = -2 - c - r*c + 3*c. Determine q(-1).
-1
Suppose 50 = 5*h - 5*d, 4*h + 4*d = d + 12. Let b = h - 1. Let c(s) = 0 + 0 - 2 - s**2 + b*s. Calculate c(3).
4
Let j(d) = -d**2 + 4*d + 1. Let i be 92/20 - (-4)/10. Give j(i).
-4
Let w(m) = 14*m**2 - 2*m + 1. Let z(y) = -y**3 + 9*y**2 + 10*y + 5. Let n be z(10). Suppose -4*f - 1 = -n. What is w(f)?
13
Suppose -4*m - 58 = 14. Let k = -22 - m. Let s(z) be the third derivative of z**6/120 + z**5/20 - z**4/12 + z**3/2 - z**2. Calculate s(k).
-5
Let q(i) = i**2 - 12*i + 9. Let d = -9 - -3. Let r(m) = m**2 - 11*m + 8. Let u(h) = d*q(h) + 7*r(h). Let w(g) be the first derivative of u(g). Calculate w(6).
7
Let p(r) = 25*r**2 - 7. Let w(q) = 12*q**2 - 3. Let b(n) = -4*p(n) + 9*w(n). Give b(-1).
9
Let a be (9/6)/(((-6)/1)/(-12)). Let i(q) = -5*q**3 - 3*q**2 + 4*q - 6. Let n(h) = -4*h**3 - 3*h**2 + 3*h - 5. Let j(o) = -5*i(o) + 6*n(o). What is j(a)?
-6
Let n(d) = d**3 + d - 4. Let h(t) = -t**3 - 6*t**2 + 6*t - 1. Let p be h(-7). Suppose -5*w = -p*w. Give n(w).
-4
Let s(j) = -2*j + 2. Let o be s(2). Let k(d) be the second derivative of 1/3*d**3 - 4*d - d**2 + 0 + 1/4*d**4. Give k(o).
6
Let u(s) = 40 - 40 - 10*s**2. Determine u(1).
-10
Let i(c) = c**3 - 4*c**2 + 2*c - 2. Suppose 4*x - 14 = 6. Suppose -17 = f - x*h, 3*h - 28 = -4*f + 19. Suppose f = 2*a + 4. Determine i(a).
-6
Let q(c) = 4*c**2 - 3*c - 1. Let d(g) = g**2 + g. Let w(i) = 3*d(i) - q(i). Let r(k) = 4*k - 7. Let o be r(3). Give w(o).
6
Let q = -43/2 - -22. Let h(l) be the second derivative of -q*l**2 + 3*l + 0 + 1/6*l**3 - 1/12*l**4. Give h(2).
-3
Let i(l) = -l**3 - l**2 + l - 2. Let o(g) = g**3 + 6*g**2 + g + 6. Let j be o(-6). Let b be -4 - j - (-2)/1. Calculate i(b).
0
Let k = -408 + 411. Let f(n) = 2*n**2 - 5*n + 4 - 2*n**2 + 2*n**2. Give f(k).
7
Let d(k) = k**2 - k - 1. Let q(j) = -j**2 - 5*j + 2. 